{"id":29,"date":"2023-08-01T14:53:52","date_gmt":"2023-08-01T12:53:52","guid":{"rendered":"https:\/\/nepal.molle-steiner.ch\/?page_id=29"},"modified":"2023-09-01T16:07:05","modified_gmt":"2023-09-01T14:07:05","slug":"unsere-vorbereitungstouren","status":"publish","type":"page","link":"https:\/\/nepal.molle-steiner.ch\/?page_id=29","title":{"rendered":"Unsere Vorbereitungstouren"},"content":{"rendered":"\n<div class=\"wp-block-query is-layout-flow wp-block-query-is-layout-flow\"><ul class=\"columns-2 wp-block-post-template has-medium-font-size is-layout-grid wp-container-core-post-template-is-layout-523d4961 wp-block-post-template-is-layout-grid\"><li class=\"wp-block-post post-387 post type-post status-publish format-standard has-post-thumbnail hentry category-vorbereitung\">\n\n<div class=\"wp-block-group has-background is-layout-flow wp-block-group-is-layout-flow\" style=\"background-color:#ededed;padding-top:30px;padding-right:30px;padding-bottom:30px;padding-left:30px\"><figure class=\"wp-block-post-featured-image\"><img loading=\"lazy\" decoding=\"async\" width=\"2560\" height=\"1920\" src=\"https:\/\/nepal.molle-steiner.ch\/wp-content\/uploads\/2023\/09\/img_3142-scaled.jpg\" class=\"attachment-post-thumbnail size-post-thumbnail wp-post-image\" alt=\"\" style=\"object-fit:cover;\" srcset=\"https:\/\/nepal.molle-steiner.ch\/wp-content\/uploads\/2023\/09\/img_3142-scaled.jpg 2560w, https:\/\/nepal.molle-steiner.ch\/wp-content\/uploads\/2023\/09\/img_3142-300x225.jpg 300w, https:\/\/nepal.molle-steiner.ch\/wp-content\/uploads\/2023\/09\/img_3142-1024x768.jpg 1024w, https:\/\/nepal.molle-steiner.ch\/wp-content\/uploads\/2023\/09\/img_3142-768x576.jpg 768w, https:\/\/nepal.molle-steiner.ch\/wp-content\/uploads\/2023\/09\/img_3142-1536x1152.jpg 1536w, https:\/\/nepal.molle-steiner.ch\/wp-content\/uploads\/2023\/09\/img_3142-2048x1536.jpg 2048w\" sizes=\"auto, (max-width: 2560px) 100vw, 2560px\" \/><\/figure>\n\n<h2 class=\"wp-block-post-title\"><a href=\"https:\/\/nepal.molle-steiner.ch\/?p=387\" target=\"_self\" >Trilogie (Haggenspitz, Kleiner und Grosser Mythen)<\/a><\/h2>\n\n<div class=\"wp-block-post-excerpt\"><p class=\"wp-block-post-excerpt__excerpt\">Von Brunni direkt hoch ins Griggeli. Nicht sch\u00f6n \u00fcber das Schotterfeld aber allein vlt besser als vom Haggeneck \u00fcber die Kletterstellen. Auf der Alp Zwysche de Mythen schafft jetzt einer aus Annaberg. \ud83d\ude0a <\/p><\/div>\n\n<div class=\"wp-block-post-date\"><time datetime=\"2023-09-18T22:18:50+02:00\">18\/09\/2023<\/time><\/div><\/div>\n\n<\/li><li class=\"wp-block-post post-372 post type-post status-publish format-standard has-post-thumbnail hentry category-vorbereitung\">\n\n<div class=\"wp-block-group has-background is-layout-flow wp-block-group-is-layout-flow\" style=\"background-color:#ededed;padding-top:30px;padding-right:30px;padding-bottom:30px;padding-left:30px\"><figure class=\"wp-block-post-featured-image\"><img loading=\"lazy\" decoding=\"async\" width=\"2560\" height=\"1920\" src=\"https:\/\/nepal.molle-steiner.ch\/wp-content\/uploads\/2023\/09\/img_3123-scaled.jpg\" class=\"attachment-post-thumbnail size-post-thumbnail wp-post-image\" alt=\"\" style=\"object-fit:cover;\" srcset=\"https:\/\/nepal.molle-steiner.ch\/wp-content\/uploads\/2023\/09\/img_3123-scaled.jpg 2560w, https:\/\/nepal.molle-steiner.ch\/wp-content\/uploads\/2023\/09\/img_3123-300x225.jpg 300w, https:\/\/nepal.molle-steiner.ch\/wp-content\/uploads\/2023\/09\/img_3123-1024x768.jpg 1024w, https:\/\/nepal.molle-steiner.ch\/wp-content\/uploads\/2023\/09\/img_3123-768x576.jpg 768w, https:\/\/nepal.molle-steiner.ch\/wp-content\/uploads\/2023\/09\/img_3123-1536x1152.jpg 1536w, https:\/\/nepal.molle-steiner.ch\/wp-content\/uploads\/2023\/09\/img_3123-2048x1536.jpg 2048w\" sizes=\"auto, (max-width: 2560px) 100vw, 2560px\" \/><\/figure>\n\n<h2 class=\"wp-block-post-title\"><a href=\"https:\/\/nepal.molle-steiner.ch\/?p=372\" target=\"_self\" >B\u00f6s Fulen &#8211; Schwyzer Summit<\/a><\/h2>\n\n<div class=\"wp-block-post-excerpt\"><p class=\"wp-block-post-excerpt__excerpt\">Im 2. Anlauf hat\u2019s geklappt. Der Grat ist ohne Schnee kein Problem und macht Spass. Unsch\u00f6n sind die 300hm bis zum Grat. Alles loses Gestein und steil. Gut hat sich da jemand die M\u00fche gemacht und ein paar leuchtgelbe Markierungen hinterlassen. <\/p><\/div>\n\n<div class=\"wp-block-post-date\"><time datetime=\"2023-09-16T20:34:42+02:00\">16\/09\/2023<\/time><\/div><\/div>\n\n<\/li><li class=\"wp-block-post post-296 post type-post status-publish format-standard has-post-thumbnail hentry category-vorbereitung\">\n\n<div class=\"wp-block-group has-background is-layout-flow wp-block-group-is-layout-flow\" style=\"background-color:#ededed;padding-top:30px;padding-right:30px;padding-bottom:30px;padding-left:30px\"><figure class=\"wp-block-post-featured-image\"><img loading=\"lazy\" decoding=\"async\" width=\"1920\" height=\"2560\" src=\"https:\/\/nepal.molle-steiner.ch\/wp-content\/uploads\/2023\/09\/img_3054-scaled.jpg\" class=\"attachment-post-thumbnail size-post-thumbnail wp-post-image\" alt=\"\" style=\"object-fit:cover;\" srcset=\"https:\/\/nepal.molle-steiner.ch\/wp-content\/uploads\/2023\/09\/img_3054-scaled.jpg 1920w, https:\/\/nepal.molle-steiner.ch\/wp-content\/uploads\/2023\/09\/img_3054-225x300.jpg 225w, https:\/\/nepal.molle-steiner.ch\/wp-content\/uploads\/2023\/09\/img_3054-768x1024.jpg 768w, https:\/\/nepal.molle-steiner.ch\/wp-content\/uploads\/2023\/09\/img_3054-1152x1536.jpg 1152w, https:\/\/nepal.molle-steiner.ch\/wp-content\/uploads\/2023\/09\/img_3054-1536x2048.jpg 1536w\" sizes=\"auto, (max-width: 1920px) 100vw, 1920px\" \/><\/figure>\n\n<h2 class=\"wp-block-post-title\"><a href=\"https:\/\/nepal.molle-steiner.ch\/?p=296\" target=\"_self\" >Clariden &#8211; Planurah\u00fctte<\/a><\/h2>\n\n<div class=\"wp-block-post-excerpt\"><p class=\"wp-block-post-excerpt__excerpt\">Mit Lutz und Andi am Samstag Morgen 7:45 am Klausenpass gestartet. Das Isw\u00e4ndli ist zwar nicht mehr der so heikel wie fr\u00fcher, aber ohne Steigeisen gehts nicht. Weiter oben auf den Vorgipfel und Clariden wieder problemlos ohne Steigeisen. Auf der anderen Seite des Clariden gehts runter zum Gletscher und \u00fcber diesen zur Planurah\u00fctte mit dem&hellip; <\/p><\/div>\n\n<div class=\"wp-block-post-date\"><time datetime=\"2023-09-12T08:13:25+02:00\">12\/09\/2023<\/time><\/div><\/div>\n\n<\/li><li class=\"wp-block-post post-238 post type-post status-publish format-standard has-post-thumbnail hentry category-vorbereitung\">\n\n<div class=\"wp-block-group has-background is-layout-flow wp-block-group-is-layout-flow\" style=\"background-color:#ededed;padding-top:30px;padding-right:30px;padding-bottom:30px;padding-left:30px\"><figure class=\"wp-block-post-featured-image\"><img loading=\"lazy\" decoding=\"async\" width=\"2560\" height=\"1920\" src=\"https:\/\/nepal.molle-steiner.ch\/wp-content\/uploads\/2023\/09\/IMG_3002-1-scaled.jpeg\" class=\"attachment-post-thumbnail size-post-thumbnail wp-post-image\" alt=\"\" style=\"object-fit:cover;\" srcset=\"https:\/\/nepal.molle-steiner.ch\/wp-content\/uploads\/2023\/09\/IMG_3002-1-scaled.jpeg 2560w, https:\/\/nepal.molle-steiner.ch\/wp-content\/uploads\/2023\/09\/IMG_3002-1-300x225.jpeg 300w, https:\/\/nepal.molle-steiner.ch\/wp-content\/uploads\/2023\/09\/IMG_3002-1-1024x768.jpeg 1024w, https:\/\/nepal.molle-steiner.ch\/wp-content\/uploads\/2023\/09\/IMG_3002-1-768x576.jpeg 768w, https:\/\/nepal.molle-steiner.ch\/wp-content\/uploads\/2023\/09\/IMG_3002-1-1536x1152.jpeg 1536w, https:\/\/nepal.molle-steiner.ch\/wp-content\/uploads\/2023\/09\/IMG_3002-1-2048x1536.jpeg 2048w\" sizes=\"auto, (max-width: 2560px) 100vw, 2560px\" \/><\/figure>\n\n<h2 class=\"wp-block-post-title\"><a href=\"https:\/\/nepal.molle-steiner.ch\/?p=238\" target=\"_self\" >Bristen<\/a><\/h2>\n\n<div class=\"wp-block-post-excerpt\"><p class=\"wp-block-post-excerpt__excerpt\">Der Bristen stand schon lang auf der Liste. Leider ist die Bristenh\u00fctte sehr klein (6 Personen) und nat\u00fcrlich meistens ausgebucht. Also bleibt nichts anderes \u00fcbrig als an einem Tag hoch und runter. Aber wenigstens von Bristen. Man k\u00f6nnte auch von Amsteg, aber so spart man sich 250hm. Das Wetter ist perfekt. Ungewiss nur, wieviel Schnee&hellip; <\/p><\/div>\n\n<div class=\"wp-block-post-date\"><time datetime=\"2023-09-05T21:22:46+02:00\">05\/09\/2023<\/time><\/div><\/div>\n\n<\/li><li class=\"wp-block-post post-216 post type-post status-publish format-standard has-post-thumbnail hentry category-vorbereitung\">\n\n<div class=\"wp-block-group has-background is-layout-flow wp-block-group-is-layout-flow\" style=\"background-color:#ededed;padding-top:30px;padding-right:30px;padding-bottom:30px;padding-left:30px\"><figure class=\"wp-block-post-featured-image\"><img loading=\"lazy\" decoding=\"async\" width=\"1920\" height=\"2560\" src=\"https:\/\/nepal.molle-steiner.ch\/wp-content\/uploads\/2023\/08\/img_2907-1-scaled.jpg\" class=\"attachment-post-thumbnail size-post-thumbnail wp-post-image\" alt=\"\" style=\"object-fit:cover;\" srcset=\"https:\/\/nepal.molle-steiner.ch\/wp-content\/uploads\/2023\/08\/img_2907-1-scaled.jpg 1920w, https:\/\/nepal.molle-steiner.ch\/wp-content\/uploads\/2023\/08\/img_2907-1-225x300.jpg 225w, https:\/\/nepal.molle-steiner.ch\/wp-content\/uploads\/2023\/08\/img_2907-1-768x1024.jpg 768w, https:\/\/nepal.molle-steiner.ch\/wp-content\/uploads\/2023\/08\/img_2907-1-1152x1536.jpg 1152w, https:\/\/nepal.molle-steiner.ch\/wp-content\/uploads\/2023\/08\/img_2907-1-1536x2048.jpg 1536w\" sizes=\"auto, (max-width: 1920px) 100vw, 1920px\" \/><\/figure>\n\n<h2 class=\"wp-block-post-title\"><a href=\"https:\/\/nepal.molle-steiner.ch\/?p=216\" target=\"_self\" >Alphubel<\/a><\/h2>\n\n<div class=\"wp-block-post-excerpt\"><p class=\"wp-block-post-excerpt__excerpt\">Am Samstag morgen um 4 an der T\u00e4schh\u00fctte gestartet. Perfektes Wetter. 4:30 bis zum Gipfel. Gletscher blank um relativ einfach. Teilweise steil. Eisnase war kein Problem aber dar\u00fcber die Flanke steil und an einem St\u00fcck ziemlich eisig. Am kurzen Seil sind wir aber sicher dr\u00fcber. Runter aufm Normalweg und 12:15 wieder an der H\u00fctte. <\/p><\/div>\n\n<div class=\"wp-block-post-date\"><time datetime=\"2023-08-19T17:45:01+02:00\">19\/08\/2023<\/time><\/div><\/div>\n\n<\/li><li class=\"wp-block-post post-151 post type-post status-publish format-standard has-post-thumbnail hentry category-vorbereitung\">\n\n<div class=\"wp-block-group has-background is-layout-flow wp-block-group-is-layout-flow\" style=\"background-color:#ededed;padding-top:30px;padding-right:30px;padding-bottom:30px;padding-left:30px\"><figure class=\"wp-block-post-featured-image\"><img loading=\"lazy\" decoding=\"async\" width=\"2560\" height=\"1920\" src=\"https:\/\/nepal.molle-steiner.ch\/wp-content\/uploads\/2023\/08\/img_2806-scaled.jpg\" class=\"attachment-post-thumbnail size-post-thumbnail wp-post-image\" alt=\"\" style=\"object-fit:cover;\" srcset=\"https:\/\/nepal.molle-steiner.ch\/wp-content\/uploads\/2023\/08\/img_2806-scaled.jpg 2560w, https:\/\/nepal.molle-steiner.ch\/wp-content\/uploads\/2023\/08\/img_2806-300x225.jpg 300w, https:\/\/nepal.molle-steiner.ch\/wp-content\/uploads\/2023\/08\/img_2806-1024x768.jpg 1024w, https:\/\/nepal.molle-steiner.ch\/wp-content\/uploads\/2023\/08\/img_2806-768x576.jpg 768w, https:\/\/nepal.molle-steiner.ch\/wp-content\/uploads\/2023\/08\/img_2806-1536x1152.jpg 1536w, https:\/\/nepal.molle-steiner.ch\/wp-content\/uploads\/2023\/08\/img_2806-2048x1536.jpg 2048w\" sizes=\"auto, (max-width: 2560px) 100vw, 2560px\" \/><\/figure>\n\n<h2 class=\"wp-block-post-title\"><a href=\"https:\/\/nepal.molle-steiner.ch\/?p=151\" target=\"_self\" >Rheinwaldhorn<\/a><\/h2>\n\n<div class=\"wp-block-post-excerpt\"><p class=\"wp-block-post-excerpt__excerpt\">Auf den Tessiner Summit. \u00dcber Cabanna Adula Utoe. Der H\u00fcttenwart hat empfohlen den Grat zu nehmen. Gletscher ist wegen Steinschlag vom dar\u00fcber liegenden Grat unsicher. <\/p><\/div>\n\n<div class=\"wp-block-post-date\"><time datetime=\"2023-08-06T17:25:00+02:00\">06\/08\/2023<\/time><\/div><\/div>\n\n<\/li><li class=\"wp-block-post post-135 post type-post status-publish format-standard has-post-thumbnail hentry category-vorbereitung\">\n\n<div class=\"wp-block-group has-background is-layout-flow wp-block-group-is-layout-flow\" style=\"background-color:#ededed;padding-top:30px;padding-right:30px;padding-bottom:30px;padding-left:30px\"><figure class=\"wp-block-post-featured-image\"><img loading=\"lazy\" decoding=\"async\" width=\"2560\" height=\"1920\" src=\"https:\/\/nepal.molle-steiner.ch\/wp-content\/uploads\/2023\/08\/img_2706-scaled.jpg\" class=\"attachment-post-thumbnail size-post-thumbnail wp-post-image\" alt=\"\" style=\"object-fit:cover;\" srcset=\"https:\/\/nepal.molle-steiner.ch\/wp-content\/uploads\/2023\/08\/img_2706-scaled.jpg 2560w, https:\/\/nepal.molle-steiner.ch\/wp-content\/uploads\/2023\/08\/img_2706-300x225.jpg 300w, https:\/\/nepal.molle-steiner.ch\/wp-content\/uploads\/2023\/08\/img_2706-1024x768.jpg 1024w, https:\/\/nepal.molle-steiner.ch\/wp-content\/uploads\/2023\/08\/img_2706-768x576.jpg 768w, https:\/\/nepal.molle-steiner.ch\/wp-content\/uploads\/2023\/08\/img_2706-1536x1152.jpg 1536w, https:\/\/nepal.molle-steiner.ch\/wp-content\/uploads\/2023\/08\/img_2706-2048x1536.jpg 2048w\" sizes=\"auto, (max-width: 2560px) 100vw, 2560px\" \/><\/figure>\n\n<h2 class=\"wp-block-post-title\"><a href=\"https:\/\/nepal.molle-steiner.ch\/?p=135\" target=\"_self\" >Finsteraarhorn<\/a><\/h2>\n\n<div class=\"wp-block-post-excerpt\"><p class=\"wp-block-post-excerpt__excerpt\">Auf den h\u00f6chsten Berner Gipfel. Vom Grimsel zur Finsteraarhornh\u00fctte. Am n\u00e4chsten Tag auf den Gipfel und zur\u00fcck bis zur Oberaarh\u00fctte. Am dritten Tag zur\u00fcck zum Grimsel. <\/p><\/div>\n\n<div class=\"wp-block-post-date\"><time datetime=\"2023-07-23T22:43:00+02:00\">23\/07\/2023<\/time><\/div><\/div>\n\n<\/li><li class=\"wp-block-post post-162 post type-post status-publish format-standard has-post-thumbnail hentry category-vorbereitung\">\n\n<div class=\"wp-block-group has-background is-layout-flow wp-block-group-is-layout-flow\" style=\"background-color:#ededed;padding-top:30px;padding-right:30px;padding-bottom:30px;padding-left:30px\"><figure class=\"wp-block-post-featured-image\"><img loading=\"lazy\" decoding=\"async\" width=\"2560\" height=\"1920\" src=\"https:\/\/nepal.molle-steiner.ch\/wp-content\/uploads\/2023\/08\/img_2627-scaled.jpg\" class=\"attachment-post-thumbnail size-post-thumbnail wp-post-image\" alt=\"\" style=\"object-fit:cover;\" srcset=\"https:\/\/nepal.molle-steiner.ch\/wp-content\/uploads\/2023\/08\/img_2627-scaled.jpg 2560w, https:\/\/nepal.molle-steiner.ch\/wp-content\/uploads\/2023\/08\/img_2627-300x225.jpg 300w, https:\/\/nepal.molle-steiner.ch\/wp-content\/uploads\/2023\/08\/img_2627-1024x768.jpg 1024w, https:\/\/nepal.molle-steiner.ch\/wp-content\/uploads\/2023\/08\/img_2627-768x576.jpg 768w, https:\/\/nepal.molle-steiner.ch\/wp-content\/uploads\/2023\/08\/img_2627-1536x1152.jpg 1536w, https:\/\/nepal.molle-steiner.ch\/wp-content\/uploads\/2023\/08\/img_2627-2048x1536.jpg 2048w\" sizes=\"auto, (max-width: 2560px) 100vw, 2560px\" \/><\/figure>\n\n<h2 class=\"wp-block-post-title\"><a href=\"https:\/\/nepal.molle-steiner.ch\/?p=162\" target=\"_self\" >Piz d\u2018Urezza<\/a><\/h2>\n\n<div class=\"wp-block-post-excerpt\"><p class=\"wp-block-post-excerpt__excerpt\">Hausberg von Zernez. Direkt vom Camping los. Lange Tour. Viel weglos aber daf\u00fcr einsam. <\/p><\/div>\n\n<div class=\"wp-block-post-date\"><time datetime=\"2023-07-09T17:31:00+02:00\">09\/07\/2023<\/time><\/div><\/div>\n\n<\/li><li class=\"wp-block-post post-119 post type-post status-publish format-standard has-post-thumbnail hentry category-vorbereitung\">\n\n<div class=\"wp-block-group has-background is-layout-flow wp-block-group-is-layout-flow\" style=\"background-color:#ededed;padding-top:30px;padding-right:30px;padding-bottom:30px;padding-left:30px\"><figure class=\"wp-block-post-featured-image\"><img loading=\"lazy\" decoding=\"async\" width=\"1920\" height=\"2560\" src=\"https:\/\/nepal.molle-steiner.ch\/wp-content\/uploads\/2023\/08\/img_2488-scaled.jpg\" class=\"attachment-post-thumbnail size-post-thumbnail wp-post-image\" alt=\"\" style=\"object-fit:cover;\" srcset=\"https:\/\/nepal.molle-steiner.ch\/wp-content\/uploads\/2023\/08\/img_2488-scaled.jpg 1920w, https:\/\/nepal.molle-steiner.ch\/wp-content\/uploads\/2023\/08\/img_2488-225x300.jpg 225w, https:\/\/nepal.molle-steiner.ch\/wp-content\/uploads\/2023\/08\/img_2488-768x1024.jpg 768w, https:\/\/nepal.molle-steiner.ch\/wp-content\/uploads\/2023\/08\/img_2488-1152x1536.jpg 1152w, https:\/\/nepal.molle-steiner.ch\/wp-content\/uploads\/2023\/08\/img_2488-1536x2048.jpg 1536w\" sizes=\"auto, (max-width: 1920px) 100vw, 1920px\" \/><\/figure>\n\n<h2 class=\"wp-block-post-title\"><a href=\"https:\/\/nepal.molle-steiner.ch\/?p=119\" target=\"_self\" >Uri Rotstock<\/a><\/h2>\n\n<div class=\"wp-block-post-excerpt\"><p class=\"wp-block-post-excerpt__excerpt\">Von Isenthal \u00fcber Biwaldalp auf den Uri Rotstock und \u00fcber Musenalp zur\u00fcck. Langer und nicht ganz ungef\u00e4hrlicher Abstieg. In Biealdalp im Kuhstall geschlafen. <\/p><\/div>\n\n<div class=\"wp-block-post-date\"><time datetime=\"2023-06-25T20:37:00+02:00\">25\/06\/2023<\/time><\/div><\/div>\n\n<\/li><li class=\"wp-block-post post-103 post type-post status-publish format-standard has-post-thumbnail hentry category-vorbereitung\">\n\n<div class=\"wp-block-group has-background is-layout-flow wp-block-group-is-layout-flow\" style=\"background-color:#ededed;padding-top:30px;padding-right:30px;padding-bottom:30px;padding-left:30px\"><figure class=\"wp-block-post-featured-image\"><img loading=\"lazy\" decoding=\"async\" width=\"769\" height=\"1024\" src=\"https:\/\/nepal.molle-steiner.ch\/wp-content\/uploads\/2023\/08\/409C58D8-5D4C-48F5-A320-7EA1B0E144F0_1_105_c.jpeg\" class=\"attachment-post-thumbnail size-post-thumbnail wp-post-image\" alt=\"\" style=\"object-fit:cover;\" srcset=\"https:\/\/nepal.molle-steiner.ch\/wp-content\/uploads\/2023\/08\/409C58D8-5D4C-48F5-A320-7EA1B0E144F0_1_105_c.jpeg 769w, https:\/\/nepal.molle-steiner.ch\/wp-content\/uploads\/2023\/08\/409C58D8-5D4C-48F5-A320-7EA1B0E144F0_1_105_c-225x300.jpeg 225w\" sizes=\"auto, (max-width: 769px) 100vw, 769px\" \/><\/figure>\n\n<h2 class=\"wp-block-post-title\"><a href=\"https:\/\/nepal.molle-steiner.ch\/?p=103\" target=\"_self\" >Schwyz &#8211; Kleiner Mythen<\/a><\/h2>\n\n<div class=\"wp-block-post-excerpt\"><p class=\"wp-block-post-excerpt__excerpt\">Mal von der anderen Seite mit vielen H\u00f6henmetern. <\/p><\/div>\n\n<div class=\"wp-block-post-date\"><time datetime=\"2023-06-17T20:26:00+02:00\">17\/06\/2023<\/time><\/div><\/div>\n\n<\/li><li class=\"wp-block-post post-172 post type-post status-publish format-standard has-post-thumbnail hentry category-vorbereitung\">\n\n<div class=\"wp-block-group has-background is-layout-flow wp-block-group-is-layout-flow\" style=\"background-color:#ededed;padding-top:30px;padding-right:30px;padding-bottom:30px;padding-left:30px\"><figure class=\"wp-block-post-featured-image\"><img loading=\"lazy\" decoding=\"async\" width=\"1616\" height=\"1080\" src=\"https:\/\/nepal.molle-steiner.ch\/wp-content\/uploads\/2023\/08\/dsc00675.jpg\" class=\"attachment-post-thumbnail size-post-thumbnail wp-post-image\" alt=\"\" style=\"object-fit:cover;\" srcset=\"https:\/\/nepal.molle-steiner.ch\/wp-content\/uploads\/2023\/08\/dsc00675.jpg 1616w, https:\/\/nepal.molle-steiner.ch\/wp-content\/uploads\/2023\/08\/dsc00675-300x200.jpg 300w, https:\/\/nepal.molle-steiner.ch\/wp-content\/uploads\/2023\/08\/dsc00675-1024x684.jpg 1024w, https:\/\/nepal.molle-steiner.ch\/wp-content\/uploads\/2023\/08\/dsc00675-768x513.jpg 768w, https:\/\/nepal.molle-steiner.ch\/wp-content\/uploads\/2023\/08\/dsc00675-1536x1027.jpg 1536w\" sizes=\"auto, (max-width: 1616px) 100vw, 1616px\" \/><\/figure>\n\n<h2 class=\"wp-block-post-title\"><a href=\"https:\/\/nepal.molle-steiner.ch\/?p=172\" target=\"_self\" >Niesen<\/a><\/h2>\n\n<div class=\"wp-block-post-excerpt\"><p class=\"wp-block-post-excerpt__excerpt\">Aus dem Diemtigtal auf den Niesen. Sch\u00f6nen Nomady Stellplatz gefunden. Runter mit der Bahn! <\/p><\/div>\n\n<div class=\"wp-block-post-date\"><time datetime=\"2023-05-28T17:37:00+02:00\">28\/05\/2023<\/time><\/div><\/div>\n\n<\/li><\/ul><\/div>\n","protected":false},"excerpt":{"rendered":"","protected":false},"author":1,"featured_media":0,"parent":0,"menu_order":0,"comment_status":"closed","ping_status":"closed","template":"","meta":{"footnotes":""},"class_list":["post-29","page","type-page","status-publish","hentry"],"_links":{"self":[{"href":"https:\/\/nepal.molle-steiner.ch\/index.php?rest_route=\/wp\/v2\/pages\/29","targetHints":{"allow":["GET"]}}],"collection":[{"href":"https:\/\/nepal.molle-steiner.ch\/index.php?rest_route=\/wp\/v2\/pages"}],"about":[{"href":"https:\/\/nepal.molle-steiner.ch\/index.php?rest_route=\/wp\/v2\/types\/page"}],"author":[{"embeddable":true,"href":"https:\/\/nepal.molle-steiner.ch\/index.php?rest_route=\/wp\/v2\/users\/1"}],"replies":[{"embeddable":true,"href":"https:\/\/nepal.molle-steiner.ch\/index.php?rest_route=%2Fwp%2Fv2%2Fcomments&post=29"}],"version-history":[{"count":6,"href":"https:\/\/nepal.molle-steiner.ch\/index.php?rest_route=\/wp\/v2\/pages\/29\/revisions"}],"predecessor-version":[{"id":236,"href":"https:\/\/nepal.molle-steiner.ch\/index.php?rest_route=\/wp\/v2\/pages\/29\/revisions\/236"}],"wp:attachment":[{"href":"https:\/\/nepal.molle-steiner.ch\/index.php?rest_route=%2Fwp%2Fv2%2Fmedia&parent=29"}],"curies":[{"name":"wp","href":"https:\/\/api.w.org\/{rel}","templated":true}]}}